322022
Convert -4a94387 (base 12) to base 11.
-828aa81
11100010111111 (base 2) to base 8
34277
Convert -106300 (base 10) to base 6.
-2140044
What is 1001101101011101 (base 2) in base 10?
39773
What is -111721 (base 14) in base 15?
-b6e75
-2441443 (base 7) to base 8
-1142574
Convert 101110111101101000100 (base 2) to base 10.
1538884
-1020000424 (base 5) to base 4
-20003000301
-14b443 (base 12) to base 10
-351411
What is bb967c (base 14) in base 9?
12870552
a16a14 (base 16) to base 14
159519a
What is 3211341 (base 6) in base 9?
258527
What is -126631 (base 7) in base 3?
-1012220021
What is 21131310103 (base 4) in base 8?
11356423
Convert -85b410 (base 12) to base 15.
-2bb53c
-1001111000111011000 (base 2) to base 5
-40332211
Convert 1001001110010010000100 (base 2) to base 4.
21032102010
What is 1215301 (base 10) in base 12?
4a7371
What is -2020200121 (base 3) in base 8?
-126322
100011010100110110010 (base 2) to base 10
1157554
-bb65a3 (base 13) to base 11
-2544243
Convert -1010133123 (base 4) to base 2.
-1000100011111011011
What is -220311500 (base 6) in base 12?
-13a2590
91023 (base 11) to base 6
2504153
Convert 1111101110000011001 (base 2) to base 14.
d5a09
85726a (base 14) to base 9
8440482
674372 (base 11) to base 12
439a27
What is -15103012 (base 6) in base 8?
-1772660
1240103 (base 9) to base 2
10100101000000011011
Convert 2fdfb (base 16) to base 12.
9558b
What is -93395a3 (base 11) in base 12?
-562b2ba
Convert -122020221 (base 4) to base 7.
-624045
Convert 380168 (base 9) to base 6.
4531442
What is -511d (base 15) in base 6?
-211144
What is 3321433 (base 8) in base 16?
da31b
What is -1650233 (base 9) in base 12?
-383810
2534143 (base 9) to base 4
11101013232
Convert 3a648 (base 11) to base 12.
296a3
-22313112301 (base 4) to base 3
-12100200222001
What is 10013122111 (base 4) in base 16?
107695
317453 (base 12) to base 9
1417820
416256 (base 8) to base 9
230773
22002101121 (base 3) to base 4
212313220
Convert -6017 (base 12) to base 14.
-3add
What is -218131 (base 10) in base 12?
-a6297
-313330200200 (base 4) to base 11
-830766a
1011111111100111101100 (base 2) to base 4
23333213230
What is -53870 (base 10) in base 3?
-2201220012
Convert 128b02b (base 12) to base 4.
31333221203
What is -77c8 (base 15) in base 12?
-12838
What is -3741674 (base 12) in base 11?
-60a725a
-1335021 (base 7) to base 11
-110a92
11001101000001 (base 2) to base 6
140425
Convert -4bc4d (base 16) to base 14.
-8115b
31245513 (base 6) to base 14
199109
Convert -21432 (base 14) to base 11.
-55455
What is -1528199 (base 10) in base 4?
-11311012013
What is 110100010000111011 (base 2) in base 5?
23322300
4eb25 (base 16) to base 3
121101011120
Convert 500213 (base 7) to base 2.
10100100010101111
-1824362 (base 13) to base 5
-4003114100
Convert -12502210 (base 6) to base 3.
-202222000220
Convert 2414580 (base 9) to base 6.
44020200
What is -3021321330 (base 4) in base 12?
-33a710
4032040 (base 5) to base 13
23569
-1939 (base 16) to base 15
-1da7
What is -10010101101001110 (base 2) in base 16?
-12b4e
-5a0113 (base 11) to base 13
-2742c5
-320022122 (base 4) to base 16
-3829a
What is bc73d (base 14) in base 13?
12cc97
Convert 321110 (base 6) to base 16.
6642
20031122 (base 4) to base 2
1000001101011010
64421 (base 10) to base 15
1414b
What is 11010100110111110001110 (base 2) in base 6?
405301222
What is 120201101 (base 3) in base 15?
35dd
Convert 9de51 (base 15) to base 8.
1725706
Convert -1be3f (base 16) to base 15.
-23cae
Convert -6b6641 (base 12) to base 14.
-331489
What is -6b23 (base 13) in base 12?
-887a
10101011110010010001 (base 2) to base 8
2536221
1030233300 (base 4) to base 9
528180
What is 4618803 (base 10) in base 13?
c59427
-110010101100011111 (base 2) to base 6
-4241155
What is 10525322 (base 7) in base 9?
1643112
2400b5 (base 13) to base 4
3101032102
Convert 2305302 (base 8) to base 16.
98ac2
What is 3a832 (base 12) in base 5?
10040203
Convert 128307 (base 13) to base 4.
1231000221
-3226233 (base 8) to base 7
-10224110
What is -876bd1 (base 16) in base 8?
-41665721
315817 (base 9) to base 6
4010241
-55a5ac (base 14) to base 11
-1708178
What is -65499 (base 12) in base 16?
-20a75
Convert 19a15 (base 14) to base 9.
108253
Convert 136300 (base 9) to base 10.
83349
11100001100111001111 (base 2) to base 4
3201213033
Convert -2970d (base 14) to base 7.
-606016
What is 3738 (base 15) in base 2?
10110111101001
Convert -2439073 (base 13) to base 15.
-ec19ca
Convert a4000 (base 14) to base 8.
1403600
What is -125659 (base 10) in base 3?
-20101101001
What is 178131 (base 9) in base 5?
12022132
87b39 (base 12) to base 2
101011110110011101
What is 31002534 (base 7) in base 15?
3622a9
What is 208097 (base 10) in base 4?
302303201
What is 4124 (base 8) in base 12?
1298
-20a02a (base 16) to base 8
-10120052
Convert 211222201 (base 4) to base 8.
455241
Convert -2a820 (base 15) to base 8.
-413176
What is a572 (base 14) in base 8?
67550
-13022024 (base 5) to base 4
-132320302
What is 10421556 (base 9) in base 3?
100110201121220
Convert -966c11 (base 14) to base 9.
-10516730
-101250661 (base 7) to base 13
-12c7543
Convert 1280858 (base 10) to base 15.
1a47a8
What is 267907 (base 10) in base 5?
32033112
What is 227862 (base 9) in base 8?
413503
Convert 7588446 (base 9) to base 10.
4074018
3376b53 (base 12) to base 13
207389a
3144014 (base 6) to base 15
30887
What is 421164 (base 7) in base 3?
10200102000
10455065 (base 7) to base 6
31215402
-150366256 (base 7) to base 12
-33b9a04
What is a74a3 (base 14) in base 5?
100414140
Convert 211112112212 (base 3) to base 12.
194895
-413247 (base 11) to base 4
-2201321123
61b9a1 (base 14) to base 6
154401545
Convert 33232431 (base 5) to base 16.
46bcd
426a15 (base 13) to base 12
631194
Convert 32322000003 (base 4) to base 2.
1110111010000000000011
-324050 (base 8) to base 10
-108584
Convert -489849 (base 12) to base 6.
-41125333
-6650143 (base 8) to base 9
-3327435
Convert -1013142 (base 5) to base 2.
-100000100100000
What is -206163 (base 9) in base 11?
-84134
Convert 50d5dc (base 16) to base 2.
10100001101010111011100
5125304 (base 6) to base 11
157a52
-969893 (base 10) to base 7
-11146451
What is -11001100001011 (base 2) in base 4?
-3030023
Convert -143387 (base 14) to base 9.
-1276722
-432466 (base 8) to base 13
-50b24
Convert -112001032 (base 4) to base 2.
-10110000001001110
124651332 (base 7) to base 16
7a01c3
What is 4341042312 (base 5) in base 12?
3152998
-d2cc (base 16) to base 5
-3211324
Convert -1a2b8 (base 15) to base 11.
-58951
246629 (base 11) to base 6
12202453
137261 (base 9) to base 7
500023
Convert -cb43 (base 14) to base 11.
-24449
What is 1207968 (base 11) in base 9?
3856306
What is -193076 (base 10) in base 12?
-93898
Convert -7ac55 (base 16) to base 2.
-1111010110001010101
-2011210101020 (base 3) to base 4
-10122201033
Convert 14681416 (base 9) to base 7.
116122101
46b98 (base 13) to base 6
2435042
1f9993 (base 16) to base 7
23413462
What is 2dcd6 (base 14) in base 11?
79486
What is -17e95 (base 15) in base 8?
-227344
Convert -510210335 (base 6) to base 16.
-84acd3
Convert -13164 (base 8) to base 16.
-1674
aca9c (base 16) to base 5
140112403
-4b107 (base 15) to base 7
-2016202
5318621 (base 10) to base 6
305555125
202403334 (base 6) to base 11
1a6a9a0
Convert 10202010222212 (base 3) to base 12.
80017b
Convert -4549132 (base 11) to base 8.
-36277126
-1464154 (base 7) to base 10
-200743
-6024436 (base 8) to base 2
-110000010100100011110
1683682 (base 9) to base 16
e5baa
What is 1360409 (base 12) in base 16?
3adc49
Convert 153525135 (base 6) to base 3.
20010201110012
Convert -30524523 (base 6) to base 11.
-552a07
Convert -4d76e (base 15) to base 11.
-15a404
Convert 2002000222102 (base 3) to base 10.
1102961
Convert -100100011101011011 (base 2) to base 15.
-2e3ae
What is 59bb4 (base 14) in base 15?
44db0
Convert 2b7705 (base 12) to base 10.
738869
Convert 1645153 (base 8) to base 3.
220021102102
-20202202112 (base 3) to base 9
-222675
-1377112 (base 8) to base 5
-100032103
Convert 757742 (base 10) to base 12.
306612
What is -3013440 (base 5) in base 4?
-23231323
446716 (base 9) to base 14
6d63a
Convert -10224400 (base 5) to base 9.
-141245
What is 16b125 (base 13) in base 7?
4551065
1a93d (base 14) to base 6
1241151
What is